{"id":258,"date":"2018-04-03T09:44:37","date_gmt":"2018-04-03T09:44:37","guid":{"rendered":"https:\/\/curly.qodeinteractive.com\/elementor\/?page_id=258"},"modified":"2023-02-21T20:47:21","modified_gmt":"2023-02-21T20:47:21","slug":"make-a-reservation","status":"publish","type":"page","link":"https:\/\/www.igisalon.com\/index.php\/make-a-reservation\/","title":{"rendered":"Make a Reservation"},"content":{"rendered":"\t\t<div data-elementor-type=\"wp-page\" data-elementor-id=\"258\" class=\"elementor elementor-258\">\n\t\t\t\t\t\t\t\t\t<section class=\"elementor-section elementor-top-section elementor-element elementor-element-d10bb00 mkdf-elementor-row-grid-section elementor-section-boxed elementor-section-height-default elementor-section-height-default mkdf-parallax-row-no mkdf-content-aligment-left mkdf-disabled-bg-image-bellow-no\" data-id=\"d10bb00\" data-element_type=\"section\">\n\t\t\t\t\t\t<div class=\"elementor-container elementor-column-gap-default\">\n\t\t\t\t\t<div class=\"elementor-column elementor-col-100 elementor-top-column elementor-element elementor-element-a390411\" data-id=\"a390411\" data-element_type=\"column\">\n\t\t\t<div class=\"elementor-widget-wrap elementor-element-populated\">\n\t\t\t\t\t\t\t\t<div class=\"elementor-element elementor-element-baac499 elementor-widget elementor-widget-mkdf_pricing_table\" data-id=\"baac499\" data-element_type=\"widget\" data-widget_type=\"mkdf_pricing_table.default\">\n\t\t\t\t<div class=\"elementor-widget-container\">\n\t\t\t\t\t<div class=\"mkdf-pricing-tables clearfix  mkdf-three-columns mkdf-normal-space\">\n\t\t\t<div class=\"mkdf-pt-wrapper mkdf-outer-space\">\n\t\t\t\t<div class=\"mkdf-price-table mkdf-item-space  mkdf-dark\">\n    <div class=\"mkdf-pt-inner\">\n        <ul>\n            <li class=\"mkdf-pt-title-holder\">\n                <var class=\"mkdf-pt-title\">Servizi<\/var>\n            <\/li>\n            <li class=\"mkdf-pt-prices\">\n                <h2 class=\"mkdf-pt-price\">TAGLI &amp; FORME<span>,<\/span><\/h2>\n                <h5 class=\"mkdf-pt-period\">IGI Salon<\/h5>\n            <\/li>\n            <li class=\"mkdf-pt-content\">\n                <p>Per comporre un hair style di alta moda non \u00e8 sufficiente la semplice abilit\u00e0, ma servono esperienza, preparazione e studio. Per questo il nostro staff \u00e8 composto da professionisti continuamente aggiornati e in grado di eseguire (se non di anticipare) le nuove tendenze.<\/p>            <\/li>\n                            <li class=\"mkdf-pt-button\">\n                    <a itemprop=\"url\" href=\"#\" target=\"_self\"  class=\"mkdf-btn mkdf-btn-medium mkdf-btn-outline\"  >    <span class=\"mkdf-btn-text\">Select<\/span>    <\/a>                <\/li>\n                    <\/ul>\n    <\/div>\n<\/div><div class=\"mkdf-price-table mkdf-item-space  mkdf-light\">\n    <div class=\"mkdf-pt-inner\">\n        <ul>\n            <li class=\"mkdf-pt-title-holder\">\n                <var class=\"mkdf-pt-title\">Servizi<\/var>\n            <\/li>\n            <li class=\"mkdf-pt-prices\">\n                <h2 class=\"mkdf-pt-price\">Colori puri<span>,<\/span><\/h2>\n                <h5 class=\"mkdf-pt-period\">IGI Salon<\/h5>\n            <\/li>\n            <li class=\"mkdf-pt-content\">\n                <p>Abbiamo selezionato l\u2019eccellenza della natura per esaltarne la bellezza: estratti vegetali purissimi, oli della frutta, ingredienti e principi attivi di ultima generazione, purezza e naturalit\u00e0 per risultati assolutamente sorprendenti.<\/p>            <\/li>\n                            <li class=\"mkdf-pt-button\">\n                    <a itemprop=\"url\" href=\"#\" target=\"_self\" style=\"color: #ffffff;border-color: #ffffff\" class=\"mkdf-btn mkdf-btn-medium mkdf-btn-outline\"  >    <span class=\"mkdf-btn-text\">Select<\/span>    <\/a>                <\/li>\n                    <\/ul>\n    <\/div>\n<\/div><div class=\"mkdf-price-table mkdf-item-space  mkdf-dark\">\n    <div class=\"mkdf-pt-inner\">\n        <ul>\n            <li class=\"mkdf-pt-title-holder\">\n                <var class=\"mkdf-pt-title\">Servizi<\/var>\n            <\/li>\n            <li class=\"mkdf-pt-prices\">\n                <h2 class=\"mkdf-pt-price\">EXTENSIONE naturali<span>,<\/span><\/h2>\n                <h5 class=\"mkdf-pt-period\">IGI Salon<\/h5>\n            <\/li>\n            <li class=\"mkdf-pt-content\">\n                <p>I tuoi capelli crescono lentamente? Non ti piace il tuo taglio? Hai capelli molto sottili? Hai solo bisogno di un cambiamento?<\/p><p><strong>Sia che tu voglia aumentare il volume e lo spessore dei tuoi capelli attuali oppure optare per un cambiamento radicale, le extension capelli veri sono il modo pi\u00f9 rapido per ottenere l\u2019aspetto che desideri.<\/strong><\/p>            <\/li>\n                            <li class=\"mkdf-pt-button\">\n                    <a itemprop=\"url\" href=\"#\" target=\"_self\"  class=\"mkdf-btn mkdf-btn-medium mkdf-btn-outline\"  >    <span class=\"mkdf-btn-text\">Select<\/span>    <\/a>                <\/li>\n                    <\/ul>\n    <\/div>\n<\/div>\t\t\t<\/div>\n\t\t<\/div>\n\t\t\t\t<\/div>\n\t\t\t\t<\/div>\n\t\t\t\t\t<\/div>\n\t\t<\/div>\n\t\t\t\t\t\t\t<\/div>\n\t\t<\/section>\n\t\t\t\t\t\t\t<\/div>\n\t\t","protected":false},"excerpt":{"rendered":"<p>Servizi TAGLI &amp; FORME, IGI Salon Per comporre un hair style di alta moda non \u00e8 sufficiente la semplice abilit\u00e0, ma servono esperienza, preparazione e studio. Per questo il nostro staff \u00e8 composto da professionisti continuamente aggiornati e in grado [&hellip;]<\/p>\n","protected":false},"author":1,"featured_media":0,"parent":0,"menu_order":0,"comment_status":"closed","ping_status":"closed","template":"full-width.php","meta":{"footnotes":""},"class_list":["post-258","page","type-page","status-publish","hentry"],"_links":{"self":[{"href":"https:\/\/www.igisalon.com\/index.php\/wp-json\/wp\/v2\/pages\/258","targetHints":{"allow":["GET"]}}],"collection":[{"href":"https:\/\/www.igisalon.com\/index.php\/wp-json\/wp\/v2\/pages"}],"about":[{"href":"https:\/\/www.igisalon.com\/index.php\/wp-json\/wp\/v2\/types\/page"}],"author":[{"embeddable":true,"href":"https:\/\/www.igisalon.com\/index.php\/wp-json\/wp\/v2\/users\/1"}],"replies":[{"embeddable":true,"href":"https:\/\/www.igisalon.com\/index.php\/wp-json\/wp\/v2\/comments?post=258"}],"version-history":[{"count":21,"href":"https:\/\/www.igisalon.com\/index.php\/wp-json\/wp\/v2\/pages\/258\/revisions"}],"predecessor-version":[{"id":5845,"href":"https:\/\/www.igisalon.com\/index.php\/wp-json\/wp\/v2\/pages\/258\/revisions\/5845"}],"wp:attachment":[{"href":"https:\/\/www.igisalon.com\/index.php\/wp-json\/wp\/v2\/media?parent=258"}],"curies":[{"name":"wp","href":"https:\/\/api.w.org\/{rel}","templated":true}]}}